 i = -937 - -955. What is the greatest common divisor of i and 279?
9
Let g(d) = 144*d**2 + 2*d - 2. Suppose -4*t - l + 2 = 3, 5*t = -3*l - 10. Let c be g(t). Calculate the greatest common divisor of 16 and c.
16
Suppose -175 - 14 = -3*t. Let s = t - 18. Calculate the greatest common divisor of 5 and s.
5
Let g(z) = -z + 50. Let r be g(21). Suppose -r - 31 = -6*k. Calculate the highest common factor of k and 10.
10
Let h(j) = -38*j + 402. Let f be h(10). Suppose 4*x + 16 = 0, -y + x = -5*y + 788. What is the greatest common factor of y and f?
22
Suppose u = 4*f - 2*u - 23, 2*f = -2*u + 8. Let o(m) = m**2 - 5*m + 2. Let q be o(f). Calculate the greatest common divisor of 16 and q.
2
Let v be 5 - (3/(-3) - -3). Suppose -4*t - 275 - 6 = -5*u, -3*u + 2*t + 169 = 0. Calculate the highest common divisor of u and v.
3
Let y(c) = -c + 16. Let r = 7 - -1. Let g be y(r). Suppose 0 = -4*a + 8*a - 8. What is the greatest common factor of a and g?
2
Suppose 3*j = -6*z + z + 62, -2*z + 22 = 4*j. Let b be -1 + 2 + 24 + 1. What is the greatest common factor of b and z?
13
Let c(o) = -o**2 - 17 + 22*o - 6*o + 0*o**2. Let a = 38 - 25. Let z be c(a). What is the highest common divisor of z and 55?
11
Let p(x) be the second derivative of x**4/12 - x**3/3 + x**2 + 3*x. Let o be p(7). Let m = o + -7. What is the highest common factor of m and 75?
15
Let t(m) = 16*m + 41. Let x be t(10). Calculate the greatest common factor of x and 268.
67
Let p(j) = 132*j + 546. Let a be p(-4). Suppose -4*g = 3*b - 38, -5*b + 3*g - 2*g + 25 = 0. Calculate the highest common factor of b and a.
6
Let s be ((-6)/(-4))/((-4)/(-72)). Let y be 1 + 3/(-1) - (-175)/35. What is the highest common divisor of y and s?
3
Suppose 19 = -4*t - 29. Let s(v) be the second derivative of -7*v**3/6 - 7*v**2 + 9*v. Let n be s(t). What is the greatest common divisor of 10 and n?
10
Suppose 31*k - 1563 = 1413. Calculate the greatest common factor of 848 and k.
16
Let m(q) = -22*q. Let c be m(-1). Let b(k) = -2*k**2 - 34*k + 38. Let o be b(-18). Let t be o/6*(-1 + c). Calculate the highest common factor of 56 and t.
7
Suppose -2*a = a + 66. Let u(v) = v**2 + 2*v - 1. Let q be u(5). Let i = q + a. Calculate the highest common factor of i and 96.
12
Suppose 0 = 23*p - 336 - 5644. Calculate the highest common divisor of p and 60.
20
Let s(z) = 29*z + 12. Let g be s(-6). Let p = -85 - g. What is the greatest common divisor of p and 7?
7
Let p(w) = 7*w + 5. Let s be p(-1). Let d be s/11 + (-5286)/(-33). What is the greatest common divisor of 20 and d?
20
Suppose -13 = -5*z + 12. Suppose -111 = -z*v + 604. Suppose -3*p + 40 = -5*k - 19, -3*k = p - 1. Calculate the greatest common factor of p and v.
13
Let h be 28 + -1 + 3/1. Suppose -2*u = 2*g - 72, 2*u + g - 101 = -34. Let b be 3/(u/15 + -2). Calculate the highest common factor of b and h.
15
Let l(h) = 8*h**2 + 2*h - 8. Let u be l(2). Suppose -k + u = -1. Let i be (58/5)/(1/5). What is the greatest common divisor of k and i?
29
Let p be ((-1)/2*2)/(-1). Let d be (0/2)/4 + -6. Let s be (-4 - d)/((-6)/(-21)). What is the highest common divisor of s and p?
1
Let s = 507 + -471. Calculate the greatest common divisor of 27 and s.
9
Suppose -h - 2*o + 854 = 0, h - o - 3389 = -3*h. What is the highest common factor of 16 and h?
16
Let b(u) = -u**3 + 7*u**2 - 5*u + 1. Let p be -5 + 3 + 14/2. Let i be b(p). Calculate the greatest common divisor of 26 and i.
26
Let p be 166/3 - 16/(-24). Suppose -54*n + 50*n + p = 0. What is the highest common divisor of 154 and n?
14
Let j(t) = -2*t**2 + 19*t + 7. Let b be j(8). What is the greatest common divisor of 31 and b?
31
Let c = -33 + -227. Let k be (-2 + 1)/(4/c). Suppose 4*v + 4*m - 110 = m, -20 = -v + 3*m. Calculate the highest common factor of k and v.
13
Let l(f) = f**2 + f + 6. Let b be l(-6). Let w = b + -3. Let d = 262 - 240. Calculate the greatest common divisor of w and d.
11
Let c(w) = 15*w - 104. Let a be c(8). Suppose 0*i = i + 98. Let s be i/(-6) + 1/(-3). Calculate the highest common divisor of s and a.
16
Let u = 24 - 5. Suppose 0 = -17*z + 14*z - 9. Let k be 8970/234 - (1 + z)/(-6). Calculate the greatest common factor of u and k.
19
Let u(y) be the first derivative of 32*y**3/3 + y - 7. Let x be u(-1). What is the highest common factor of 22 and x?
11
Let i be (511/2)/(-7)*(-4)/(-1). Let m = -137 - i. Calculate the highest common divisor of m and 9.
9
Let w = -92 - -197. Calculate the highest common divisor of w and 21.
21
Let f(t) be the first derivative of -4 + 2*t + 5*t**2 - 5/3*t**3 - 1/4*t**4. Let w be f(-7). Calculate the highest common divisor of w and 10.
10
Let w be (28/(-16)*-1 + 2)*4. Suppose 6*q - w = 3*q. Let o = -7 + 17. Calculate the greatest common factor of q and o.
5
Let c be 8/(-12)*(630/4)/(-5). Let i(u) = -u**2 - 4*u + 3. Let s be i(-3). Calculate the highest common divisor of c and s.
3
Let t(y) be the first derivative of -y**2/2 + 10*y + 5. Let w be t(-10). Suppose -g = 3*g - w. What is the greatest common factor of g and 35?
5
Suppose 8 = 3*o - 2*o. Let d be (o/20)/(1/15). Suppose d*g = 3*g + 18. Calculate the highest common factor of g and 3.
3
Let t(i) = -30*i - 14. Let y be t(-1). What is the highest common factor of 4 and y?
4
Let p be 24/28 + -1 - (-72)/14. Calculate the highest common divisor of 85 and p.
5
Suppose 91 = 4*y + 5*v, 3*v = -2*y + 4*v + 35. Suppose t = -4*t + 95. Calculate the greatest common factor of t and y.
19
Let j = -20 + 20. Suppose j = 2*r - 256 + 80. Calculate the greatest common divisor of r and 11.
11
Let y be -2 + 1178/8 - (-30)/40. Let p be (-13)/((-702)/(-12)) - y/(-9). What is the highest common factor of 24 and p?
8
Suppose 0 = -21*w + 16*w + 10. Suppose 0 = -6*f + w*f + 3*j + 15, 15 = 3*f - j. What is the greatest common divisor of f and 4?
2
Suppose -44 + 125 = 9*s. Suppose -4*g + 3*x + 618 = 0, -59 - 257 = -2*g + 5*x. What is the highest common factor of g and s?
9
Suppose 0 = 2*b - 73 - 59. Calculate the highest common factor of 12 and b.
6
Let y = 68 + -68. Suppose 12 = 2*d - y. Calculate the highest common divisor of 6 and d.
6
Let k(g) = g**2 + g - 10. Let m be k(3). Suppose 30 = 4*b - b. Calculate the highest common factor of m and b.
2
Let l be 0/(4*1/4). Let k(i) = -3*i + 81. Let f be k(l). Calculate the highest common divisor of f and 9.
9
Let z(w) = -w**3 - 4*w**2 - 3*w. Let p be z(-6). Let c be 66/10 + 36/p. What is the greatest common factor of c and 42?
7
Let a be -5 - (-3 - (-154)/(-7)). Let t be (-4)/(-2 - (-96)/50). What is the highest common divisor of a and t?
10
Suppose -36 = -5*i + 9. Let j(x) = x**3 - 8*x**2 - 4*x - 15. Let s be j(i). What is the greatest common factor of 10 and s?
10
Suppose 5*g + 850 = 5*p - 0*g, -g + 514 = 3*p. Let u be 3/(-2)*10/(-5). Let t be 38*(-3)/((-18)/u). Calculate the highest common divisor of p and t.
19
Suppose -4*z + 180 = -8*z. Let v = 49 + z. What is the greatest common divisor of 2 and v?
2
Let i be 24/(-10)*10/(-4). Let t(a) = 3 + 3*a**2 - i*a**2 + 0*a**2 - 10*a + 2*a**2. Let f be t(-7). Calculate the greatest common factor of f and 12.
12
Let r(v) = v**2 + 10*v - 9. Let b be r(-11). Suppose -414 - 466 = -b*t. Calculate the greatest common divisor of t and 40.
40
Let l(a) = -a**3 + 8*a**2 - 8*a + 7. Let x be l(5). Suppose f = -28*f + 3857. Let d = -105 + f. What is the greatest common factor of d and x?
14
Suppose 0 = -5*t - 2*x + 621, 3*t - 5*t + 234 = -4*x. Calculate the greatest common factor of 82 and t.
41
Let f(z) = z**2 - 7*z + 91. Let n be f(11). Calculate the highest common factor of 165 and n.
15
Suppose -3*z = -z - 2*b - 34, -z = 4*b + 8. What is the greatest common factor of z and 84?
12
Let z(p) = -p**3 + 16*p**2 + 6*p + 30. Let q be z(16). Calculate the highest common factor of q and 14.
14
Suppose -c + 3512 = 3056. Calculate the greatest common factor of 96 and c.
24
Suppose 0 = 57*y - 3116 + 1064. Calculate the greatest common factor of y and 9.
9
Let g be ((-4)/3)/((-14)/168). Let j = -33 + 65. What is the highest common divisor of g and j?
16
Let g(x) = -4*x**2 - 8*x + 8. Let z be g(-6). Let a = z - -148. Let l(m) = 6*m + 4. Let h be l(6). Calculate the greatest common divisor of a and h.
20
Let r = 48 + -24. Let s be 2/(-8) - (-150)/r. Let b(v) = v**3 - v**2 - v - 2. 